{"id":482,"date":"2015-01-05T00:11:59","date_gmt":"2015-01-04T22:11:59","guid":{"rendered":"http:\/\/www.dagpalm.se\/?page_id=482"},"modified":"2015-01-05T15:54:57","modified_gmt":"2015-01-05T13:54:57","slug":"vagar","status":"publish","type":"page","link":"https:\/\/www.dagpalm.se\/?page_id=482","title":{"rendered":"V\u00e4gar"},"content":{"rendered":"<p>Har du irrat runt en vinternatt p\u00e5 Karlaplan<br \/>\n<span style=\"line-height: 1.714285714; font-size: 1rem;\">och inte lyckats hitta v\u00e4gen ut<br \/>\n<\/span><span style=\"line-height: 1.714285714; font-size: 1rem;\">Har du n\u00e4stan g\u00e5tt i d\u00f6den f\u00f6r att bo p\u00e5 S\u00f6dermalm<br \/>\n<\/span><span style=\"line-height: 1.714285714; font-size: 1rem;\">men fann dig sj\u00e4lv n\u00e5n annanstans till slut<br \/>\n<\/span><span style=\"line-height: 1.714285714; font-size: 1rem;\">Har du vinglat hem i vargarnas timme<br \/>\n<\/span>och somnat i ingens famn<br \/>\n<span style=\"line-height: 1.714285714; font-size: 1rem;\">Har du rest mot norr och t\u00e4nkt att allt blir s\u00e4kert bra<br \/>\n<\/span><span style=\"line-height: 1.714285714; font-size: 1rem;\">om d\u00e5 n\u00e5nsin kommer fram till S\u00f6derhamn<\/span><\/p>\n<p>V\u00e4gar man g\u00e5r och de man inte vill g\u00e5<br \/>\nV\u00e4gar man trots allt vandrar \u00e4nd\u00e5<br \/>\nV\u00e4gar man g\u00e5r i ensamhet<br \/>\nOch de man v\u00e4ljer<br \/>\nutan att man vet<\/p>\n<p>Har du famlat i en l\u00e5tsasv\u00e4rld, stan utanf\u00f6r stan<br \/>\nMan k\u00f6per allt men ingenting ber\u00f6r<br \/>\nHar du g\u00e5tt den gamla vanliga v\u00e4gen<br \/>\noch fr\u00e5gat dig vad det \u00e4r som st\u00f6r<br \/>\nHar du g\u00f6mt dig n\u00e5n g\u00e5ng i stormens \u00f6ga<br \/>\noch gjort allt f\u00f6r att h\u00e5lla dig kvar<br \/>\nHar du f\u00f6ljt vita stenar l\u00e4ngs v\u00e4gen<br \/>\nf\u00f6r att s\u00f6ka dig tillbaks till n\u00e5t som var<\/p>\n<p>V\u00e4gar man g\u00e5r\u2026<\/p>\n<p>V\u00e4gar man g\u00e5r och de man inte vill g\u00e5<br \/>\nV\u00e4gar man trots allt vandrar \u00e4nd\u00e5<br \/>\nSlingriga v\u00e4gar fr\u00e5n vinter till v\u00e5r<br \/>\nSol och stilla regn l\u00e4ngs v\u00e4garna du g\u00e5r<br \/>\nJag \u00f6nskar dig sol och stilla regn<br \/>\nl\u00e4ngs v\u00e4garna du g\u00e5r<\/p>\n<p>&nbsp;<\/p>\n<p><\/p>","protected":false},"excerpt":{"rendered":"<p>Har du irrat runt en vinternatt p\u00e5 Karlaplan och inte lyckats hitta v\u00e4gen ut Har du n\u00e4stan g\u00e5tt i d\u00f6den f\u00f6r att bo p\u00e5 S\u00f6dermalm men fann dig sj\u00e4lv n\u00e5n annanstans till slut Har du vinglat hem i vargarnas timme&hellip; <\/p>\n","protected":false},"author":1,"featured_media":0,"parent":0,"menu_order":0,"comment_status":"closed","ping_status":"closed","template":"","meta":{"footnotes":""},"_links":{"self":[{"href":"https:\/\/www.dagpalm.se\/index.php?rest_route=\/wp\/v2\/pages\/482"}],"collection":[{"href":"https:\/\/www.dagpalm.se\/index.php?rest_route=\/wp\/v2\/pages"}],"about":[{"href":"https:\/\/www.dagpalm.se\/index.php?rest_route=\/wp\/v2\/types\/page"}],"author":[{"embeddable":true,"href":"https:\/\/www.dagpalm.se\/index.php?rest_route=\/wp\/v2\/users\/1"}],"replies":[{"embeddable":true,"href":"https:\/\/www.dagpalm.se\/index.php?rest_route=%2Fwp%2Fv2%2Fcomments&post=482"}],"version-history":[{"count":5,"href":"https:\/\/www.dagpalm.se\/index.php?rest_route=\/wp\/v2\/pages\/482\/revisions"}],"predecessor-version":[{"id":488,"href":"https:\/\/www.dagpalm.se\/index.php?rest_route=\/wp\/v2\/pages\/482\/revisions\/488"}],"wp:attachment":[{"href":"https:\/\/www.dagpalm.se\/index.php?rest_route=%2Fwp%2Fv2%2Fmedia&parent=482"}],"curies":[{"name":"wp","href":"https:\/\/api.w.org\/{rel}","templated":true}]}}